 11. What is i(6)?
-1
Let w(m) = -5*m**2 + 2*m - 9. Let n(c) = -c**2 - c - 1. Let f(h) = 6*n(h) - w(h). Let r(t) = -2*t + 5. Let b be r(6). Give f(b).
10
Let l(u) = -5*u**3 - u**2 - 7*u + 5. Let i(s) = -s**3 - s. Let w(n) = -6*i(n) + l(n). Give w(0).
5
Let d(j) = -j - 7. Let a(i) = 8. Let c(m) = -5*a(m) - 6*d(m). Calculate c(-2).
-10
Suppose 3*t = 6 - 0, -1 = 5*l - 3*t. Let w be l/(-3)*(23 - 8). Let q(o) be the second derivative of -o**3/6 + o**2/2 - o. Give q(w).
6
Let q(g) be the third derivative of g**5/60 - 5*g**4/24 + g**3/6 + 13*g**2. Give q(2).
-5
Let m(z) = 7*z + 7. Let n(q) = -3*q - 3. Suppose -p + 3 = 5*b, 5*p + 5 = 2*p - b. Let g(s) = p*m(s) - 5*n(s). What is g(1)?
2
Let g be (-6)/(-12) - (-5)/2. Let p(j) = -j**2 + 7*j - 4. Determine p(g).
8
Let j = 18 - 15. Suppose l = -j*l - 12. Let w(c) = -c**3 - 4*c**2 - 3*c - 4. What is w(l)?
-4
Let r(m) be the first derivative of m**4 + 1 + 0*m**2 + m - 2/3*m**3. What is r(1)?
3
Let g(v) be the first derivative of -5*v**3/3 - v**2/2 + 58. Determine g(2).
-22
Let k = -6 + 12. Let d(w) = -w**3 + 6*w**2 + w - 4. Determine d(k).
2
Let r(j) be the first derivative of -7*j**4/4 + j**3/3 + j**2/2 - 4. Calculate r(-1).
7
Suppose 2*u + 2*v = 0, -3 = 3*u + 4*v - 0. Suppose -1 = -2*a + u. Let w(l) = -25*l + 1 + l**3 + 25*l - l**2. Determine w(a).
5
Let v(o) = -o**3 + 5*o**2 + 7*o - 6. Suppose 3*t - 22 = -5*y + 8, t = -y + 6. Let s(f) = f**3 - 4*f**2 - 6*f + 5. Let q(k) = y*s(k) + 5*v(k). Determine q(-2).
-2
Let q(n) = n**2 + 6*n + 3. Let u be q(-2). Let c(g) be the third derivative of -g**4/24 - 5*g**3/6 - 76*g**2. Calculate c(u).
0
Suppose -8*t + t - 35 = 0. Let g(w) = 4*w + 2. Determine g(t).
-18
Let p(h) = 5*h**2 - 4*h + 8. Let z(b) = 11*b**2 - 9*b + 16. Let d(i) = -9*p(i) + 4*z(i). Let k be 3 - (0*4/12 + 3). Give d(k).
-8
Suppose 2*b + 2*b = 28. Suppose b = i - 4. Let m(o) = -i - o + 2*o + 5. Give m(0).
-6
Suppose -1 = 3*y + 5. Let p be (-2)/y + (-2)/2. Let b(t) = 0 - t + p + 3. Give b(-5).
8
Let x(p) = 2*p - 22. Let o(b) = -b + 10. Let w(i) = -9*o(i) - 4*x(i). Determine w(4).
2
Let q(b) = b**2 - 3 + 0*b**3 + b**3 - 4*b + 0*b**2. Suppose -3 = 5*n + 2. Let x be (2 - 1)*n - 1. Determine q(x).
1
Let t(y) be the first derivative of -1/4*y**4 - 8 - 1/2*y**2 + 7/3*y**3 + 6*y. Determine t(7).
-1
Let y(x) = x + 2. Suppose -5 = o - 0*o. Let k(c) = -c - 2. Let q(a) = o*y(a) - 6*k(a). What is q(6)?
8
Let m(d) = 3*d**3 + d**2 - 1. Let q be m(1). Let k(a) = -a**3 + a**2 + 3*a + 3. Give k(q).
-6
Let x = -14 + 18. Let i(l) be the second derivative of -l**5/20 + l**4/3 + l**3/3 - 3*l**2/2 + 4*l. What is i(x)?
5
Let j = -127 + 118. Let t(n) = n + 5. Give t(j).
-4
Suppose -1 = -f + 2. Let t(z) = z**3 - 6*z**2 + 2*z + 4. What is t(f)?
-17
Let r(n) = -3*n**3 + n**2 - 2*n - 21. Let z(l) = l**3 + l. Let y(t) = -r(t) - 2*z(t). What is y(0)?
21
Let d be 20/(-8)*24/(-20). Let f(v) = 2*v**d - 1 - 4*v**3 + 2*v**3 + v + v**3. Give f(2).
9
Let k(i) = 6 - 3 - 47*i + 50*i. Suppose -2*q - q + 4*d - 2 = 0, -9 = q - 3*d. Suppose 3*r = q*r + 9. What is k(r)?
-6
Let w(d) = d**3 - 5*d**2 + 6*d - 3. Let z(u) = u**2 + 4. Let r be z(0). What is w(r)?
5
Let w(i) = i**3 + i**2 + 6*i - 6. Let k(r) = r**2 + r - 1. Let q(z) = 5*k(z) - w(z). Suppose 4*p - b = 12, 3*p = 6*p + 4*b + 10. What is q(p)?
7
Suppose y = z + 10, -4*z + 2*z - 5*y = 27. Let k be (-11 - z)/(2*-1). Let v(j) = -5*j**3 + 1. Let t(l) = 4*l**3. Let a(x) = -4*t(x) - 3*v(x). Calculate a(k).
-3
Let l be 1*(-14)/(-3)*(-3)/2. Let t(n) = n**2 + 7*n + 3. Calculate t(l).
3
Let s = 35 - 18. Let h(f) be the third derivative of 4*f**4/3 - 7*f**3/3 + f**2. Let v(o) = 11*o - 5. Let i(z) = s*v(z) - 6*h(z). Give i(-1).
4
Let s(w) = w - 4. Let t be s(9). Suppose 0 = -0*d - d - t. Let m(g) = 3*g - 9. Let a(v) = -v + 4. Let b(n) = 5*a(n) + 2*m(n). Calculate b(d).
-3
Let x(g) = g**3 - 7*g**2 - 9*g + 12. Let q be x(8). Let m(b) = -14*b - q + 7*b - b**2 + 0. What is m(-5)?
6
Let m(z) = -z**2 + z + 3. Let h be m(3). Let y(f) = -2*f**2 - 8*f + 1. Let i(u) = -2*u**2 - 7*u. Let g(s) = -4*i(s) + 3*y(s). Determine g(h).
9
Let z(n) be the second derivative of -n**5/120 + n**4/8 - n**3/6 - 8*n. Let k(g) be the second derivative of z(g). Give k(-6).
9
Let y(b) = -b**2 - 2*b + 1. Let f = 2 - -5. Let n be 16/f + (-2)/7. Suppose n*z = 2 - 6. Determine y(z).
1
Let b be 2 + -1 - (-3 - -7). Let p(l) = -l**2 - 4*l - 1. Let h(f) = -f**2 - 4*f - 2. Let k(a) = b*p(a) + 2*h(a). Calculate k(-3).
-4
Let d = 38 - 40. Let a(r) = -r**2 + 3*r + 2. Determine a(d).
-8
Let k(j) be the first derivative of -8*j + 2 - 1/2*j**2. Calculate k(-6).
-2
Suppose 7*a - 10 = 2*a. Let w(g) = -3 - a - g + 0. What is w(-5)?
0
Let a(o) = 11*o**2 + o - 1. Let z(s) = s + 8. Let l be z(-7). Determine a(l).
11
Let y(l) be the second derivative of -l**3/6 - 2*l**2 - 11*l. Determine y(-6).
2
Suppose 2*l = 4*l - 8. Suppose -l = 5*q + 6. Let w(m) = -m**3 - 3*m**2 - 2*m - 2. Calculate w(q).
-2
Let n = -98 - -139. Suppose 4*c - 3*r = 85, 2*r + n = 3*c - 23. Let o(s) = -19 - s**2 + c - s + s. Give o(3).
-6
Let p(k) be the second derivative of k**3/6 - k**2 + 21*k. What is p(-7)?
-9
Let o = 3 + -5. Let c(h) = 31*h - 19*h - 9*h - 1. What is c(o)?
-7
Suppose 0 = -2*o + 2 + 4. Suppose o*i - 4*h - 22 = 0, -3*h - 11 - 4 = -2*i. Let q(r) be the first derivative of r**2/2 + r + 1. Calculate q(i).
7
Let r(c) = c + 8. Let d be ((-135)/60)/((-3)/8). Calculate r(d).
14
Let p(u) = -27 - 27 + 53 + u. Give p(7).
6
Suppose 7*g - 30 = 2*g. Let m be g/(-9)*-6 + -3. Let d(x) = -2*x - 1. What is d(m)?
-3
Let n(w) = -w + 4. Let q(o) = -o**3 - 4*o**2 - 2*o - 3. Let b be q(-4). Let x be (b - 5)/(1 + 0). What is n(x)?
4
Let q = -18 - -13. Let c(p) = 8*p + 7. Let s(o) = -9*o - 8. Let k(x) = -6*c(x) - 5*s(x). Let b(u) = -7*u - 4. Let z(n) = -4*b(n) + 9*k(n). Give z(q).
-7
Let f = -21 + 18. Let n(v) = 2*v. Calculate n(f).
-6
Let o(n) = -18*n**3 + 15*n**2 - 4*n - 11. Let k(z) = -9*z**3 + 7*z**2 - 2*z - 5. Let p = -5 + 11. Let f(c) = p*o(c) - 13*k(c). What is f(1)?
9
Suppose 2*l - 2 = -3*q, -3*l = 2*q - 0*l + 7. Let d(b) be the third derivative of -1/24*b**q + 0*b**3 + 0 + 0*b - 2*b**2. Determine d(-3).
3
Let j(p) be the third derivative of p**4/24 + p**3/3 - 5*p**2. Suppose -23 = -4*c + 5*y, 3*c - 3 = -3*y - 6. Calculate j(c).
4
Let v(g) = -5*g**2 + 12*g - 19. Let r(s) = 14*s**2 - 35*s + 56. Let w(h) = -6*r(h) - 17*v(h). Determine w(-9).
14
Let w(y) = -6*y**3 + 31*y**2 - 11*y + 25. Let t(h) = h**3 - 6*h**2 + 2*h - 5. Let q(l) = 11*t(l) + 2*w(l). Give q(-4).
-5
Let z(j) = -j**3 + j + 1. Suppose -5*a = 2*d + 2, -d = -4*a - 0*a - 12. Let v be (1 + a/2)/3. Suppose -2*f = -s - v*s, -3*f + 5*s = 14. What is z(f)?
-5
Let u(t) = -5*t + t**2 - t - 2*t**2 + 2*t**2 + 5. Let c be u(4). Let p(w) be the second derivative of w**4/12 + w**3/2 - w**2/2 + w. Determine p(c).
-1
Let n(d) = -5*d + 14. Let u(k) = k - 3. Let a(b) = 2*n(b) + 11*u(b). Suppose 2*j + 19 - 3 = 0. Let y be -2*(-4)/(-16)*j. Give a(y).
-1
Let q(s) = -s + 2. Let x(c) = -10 + 2*c + 3*c - 3*c. Let d be x(7). Let k be (9/(-6))/((-2)/d). Determine q(k).
-1
Let w(q) = q - 2. Suppose y = -4*c - 5, -3*c - 49 = -5*y - 5. Determine w(y).
5
Let f(d) = d**2 + 9*d + 4. Let x = 63 - 72. Calculate f(x).
4
Let k(i) = -i**3 + 8*i**2 - 6*i - 7. Let z(q) = -3*q**2 + q + 1. Let n(o) = k(o) + 4*z(o). Let y = -8 - -4. What is n(y)?
5
Let q be -3*1 + (0 - -2). Suppose -13 = f - 5*b, 4 = -4*f - 0*f + 4*b. Let c(v) = -2*v - 3 - v**2 + 0 + 2 + f*v**3. Calculate c(q).
-2
Let m be ((-4)/(-12))/(1/(-21)). Let r(g) = -g**3 - 7*g**2 - 2*g - 9. Give r(m).
5
Let l = 16 - 15. Let t(n) = -2*n**2 + 2*n - 1. Calculate t(l).
-1
Let f(o) = -4*o - 4 + 2 - 1. Let l be -1 - (0 + -2 - 4). Suppose -l*j = -j + 8. Give f(j).
5
Suppose q - 3 = -r - 6, 2*q = -5*r - 12. Let w = r + 0. Let x(h) be the second derivative of 2*h**3/3 - h**2/2 + 2*h. Calculate x(w).
-9
Let r(i) = 5*i**3 + 17*i**2 + 9*i - 18. Let c(w) = -3*w**3 - 11*w**2 - 6*w + 12. Let v(z) = -8*c(z) - 5*r(z). Determine v(4).
-10
Suppose 0 = 5*n - 10, -5*j - 4*n + n + 26 = 0. Let k(w) be the second derivative of -w**3/6 + 9*w**2/2 + 13*w - 3. Give k(j).
5
Let m = 1 - 7. Let r(c) be the second derivative of c**4/12 + 7*c**3/6 - 7*c**2/2 + 22*c. Determine r(m).
-13
Let i(o) = o**2 - 3*o - 2. Let q = 46 - 43. Det